{"id":82,"date":"2017-06-11T17:32:28","date_gmt":"2017-06-11T17:32:28","guid":{"rendered":"http:\/\/gedruckteworte.de\/?page_id=82"},"modified":"2023-08-04T06:27:31","modified_gmt":"2023-08-04T06:27:31","slug":"seite-gedruckt","status":"publish","type":"page","link":"http:\/\/gedruckteworte.de\/?page_id=82","title":{"rendered":"Ver\u00f6ffentlichungen"},"content":{"rendered":"<p><strong>Kasimir und der B\u00e4r<\/strong><\/p>\n<p><img loading=\"lazy\" decoding=\"async\" class=\"alignnone size-medium wp-image-315\" src=\"http:\/\/gedruckteworte.de\/wp-content\/uploads\/2023\/08\/titel_albrecht-213x300.png\" alt=\"\" width=\"213\" height=\"300\" srcset=\"http:\/\/gedruckteworte.de\/wp-content\/uploads\/2023\/08\/titel_albrecht-213x300.png 213w, http:\/\/gedruckteworte.de\/wp-content\/uploads\/2023\/08\/titel_albrecht.png 421w\" sizes=\"(max-width: 213px) 100vw, 213px\" \/><\/p>\n<p>Erster Band einer Triologie \u00fcber Albrecht, genannt &#8222;DerB\u00e4r&#8220;, dem die Gr\u00fcndung\u00a0 der Mark Brandenburg zugeschrieben wird.<\/p>\n<ul>\n<li>Historischer Roman<\/li>\n<li>Gebunden (Hard cover): ca. 335 Seiten<\/li>\n<li>Verlag\/Druck: Selbstverlag, BoD, DreiRaben-Fl\u00e4ming-Edition<\/li>\n<li>Sprache: Deutsch<\/li>\n<li>ISBN 978-3-7347-0843-5<\/li>\n<li>\u20ac 26,00 (event. + Versand)<\/li>\n<li>Auch als E-Book erh\u00e4ltlich (9,99 \u20ac)<\/li>\n<\/ul>\n<p><strong>ORBITER<\/strong> Ein schmales B\u00e4ndchen mit SF &#8211; Geschichten.<\/p>\n<p style=\"text-align: left;\">Eine Auseinandersetzung mit menschenun\u00fcblichen Mustern beim<br \/>\nAusflug auf einem fremden Planeten, Aussichten in die Medizin, die \u00dcbermacht der Technik, wenn wir sie lassen, die d\u00fcstere Zukunft des Krieges, der Mensch mit Wunsch und Glauben, die mystische Begegnung mit der Au\u00dferirdischen Zivilisation. Alles mit ein wenig Ironie gew\u00fcrzt.<\/p>\n<div id=\"attachment_286\" style=\"width: 213px\" class=\"wp-caption alignnone\"><img loading=\"lazy\" decoding=\"async\" aria-describedby=\"caption-attachment-286\" class=\"size-medium wp-image-286\" src=\"http:\/\/gedruckteworte.de\/wp-content\/uploads\/2017\/06\/Orgiter_cover-203x300.jpg\" alt=\"orbiter\" width=\"203\" height=\"300\" srcset=\"http:\/\/gedruckteworte.de\/wp-content\/uploads\/2017\/06\/Orgiter_cover-203x300.jpg 203w, http:\/\/gedruckteworte.de\/wp-content\/uploads\/2017\/06\/Orgiter_cover-768x1136.jpg 768w, http:\/\/gedruckteworte.de\/wp-content\/uploads\/2017\/06\/Orgiter_cover-693x1024.jpg 693w, http:\/\/gedruckteworte.de\/wp-content\/uploads\/2017\/06\/Orgiter_cover-676x1000.jpg 676w, http:\/\/gedruckteworte.de\/wp-content\/uploads\/2017\/06\/Orgiter_cover.jpg 1289w\" sizes=\"(max-width: 203px) 100vw, 203px\" \/><p id=\"caption-attachment-286\" class=\"wp-caption-text\"><strong>ORBITER<\/strong><\/p><\/div>\n<ul>\n<li>Kurzgeschichten der Wissenschaftlichen Phantastik<\/li>\n<li>Pappeinband (Soft cover): ca. 135 Seiten<\/li>\n<li>Verlag: KUNSTUNDWERK &#8211; Sachbuchverlag Leipzig (2022)<\/li>\n<li>Sprache: Deutsch<\/li>\n<li>ISBN 978-3-947565-04-7<\/li>\n<li>\u20ac 14,90 + Versand<\/li>\n<li>Auch als Hardcover erh\u00e4ltlich<\/li>\n<\/ul>\n<h6><strong>Der zweite Fall des Kommissar Hensel:<\/strong><\/h6>\n<h6><img loading=\"lazy\" decoding=\"async\" class=\"alignnone wp-image-270\" src=\"http:\/\/gedruckteworte.de\/wp-content\/uploads\/2017\/06\/HenselBildFuerWWW_003-251x300.jpg\" alt=\"\" width=\"204\" height=\"244\" srcset=\"http:\/\/gedruckteworte.de\/wp-content\/uploads\/2017\/06\/HenselBildFuerWWW_003-251x300.jpg 251w, http:\/\/gedruckteworte.de\/wp-content\/uploads\/2017\/06\/HenselBildFuerWWW_003.jpg 646w\" sizes=\"(max-width: 204px) 100vw, 204px\" \/><\/h6>\n<p>Kriminalkommissar Georg H\u00e4nsel ist in seine Heimat, in die Uckermark, zur\u00fcckgekehrt. Er macht seine Arbeit wie zuvor in Bayern. Ein Erh\u00e4ngter wird gefunden. Der Mann ist kein Bewohner des Dorfes. H\u00e4nsel hat Zweifel an einem Selbstmord. Die Zur\u00fcckhaltung der Dorfbewohner gleicht einer Verschw\u00f6rung. Nach und nach deckt H\u00e4nsel die Verstrickungen und Geheimnisse auf. Das Handeln und die Motivation dazu, sie alle haben mit der Zeit und mit dem Ort zu tun, mit der Heimat H\u00e4nsels, mit der brandenburgischen Uckermark. Viel hat sich ver\u00e4ndert, seitdem H\u00e4nsel hier wegging<\/p>\n<p>Die zweite Begegnung mit Kommissar H\u00e4nsel ist nicht weniger verwirrend geheimnisvoll als der erste Fall, bei dem wir ihn begleitet haben.<\/p>\n<ul>\n<li>\n<h6>Kriminalroman<\/h6>\n<\/li>\n<li>\n<h6><b>Taschenbuch:<\/b> ca. 200 Seiten<\/h6>\n<\/li>\n<li>\n<h6><b>Verlag:<\/b> edition winterwork (2020)<\/h6>\n<\/li>\n<li>\n<h6><b>Sprache:<\/b> Deutsch<\/h6>\n<\/li>\n<li>\n<h6><b>ISBN<\/b> 978-3-96014-675-9<\/h6>\n<\/li>\n<li>\n<h6>\u20ac 14,90 + Versand<\/h6>\n<\/li>\n<\/ul>\n<p>Bestellung hier unter &#8222;Kontakt&#8220; oder &#8222;Kommentar&#8220;<\/p>\n<h6><strong>Kommissar Hensels erster ver\u00f6ffentlichter Fall:<\/strong><\/h6>\n<h6><img loading=\"lazy\" decoding=\"async\" class=\"alignnone size-medium wp-image-84\" src=\"http:\/\/gedruckteworte.de\/wp-content\/uploads\/2017\/06\/TodImRosenhaus_Umschlag_1-196x300.png\" alt=\"\" width=\"196\" height=\"300\" srcset=\"http:\/\/gedruckteworte.de\/wp-content\/uploads\/2017\/06\/TodImRosenhaus_Umschlag_1-196x300.png 196w, http:\/\/gedruckteworte.de\/wp-content\/uploads\/2017\/06\/TodImRosenhaus_Umschlag_1.png 444w\" sizes=\"(max-width: 196px) 100vw, 196px\" \/><\/h6>\n<p>Wie die Rosen an der Fassade des Hauses am Berg ranken sich t\u00f6dliche Geheimnisse \u00fcber die Treppe durch das Innere. Schatten der Vergangenheit. Zwei Tote. Einer davon verschwindet. Was wird hier gespielt?<br \/>\nIm Zuge der Ermittlungen begegnen sich zwei Preu\u00dfen in der bayrischen Stadt. Ein Pendler aus dem Brandenburgischen, der in der Heimat keine Arbeit fand. Der aus dem gleichen Landstrich zugereiste Kommissar sucht den M\u00f6rder. Er ermittelt akribisch, st\u00f6\u00dft dabei auf r\u00e4tselhafte Querverbindungen und vertuschte kriminelle Machenschaften, Erpressung und Freiheitsberaubung. Mit R\u00fcckendeckung seines Vorgesetzten darf der Kommissar ein Exempel statuieren, ohne R\u00fccksicht auf Spezis und Filz.<br \/>\nEin skurriles Katz- und Maus-Spiel zwischen Opfer und T\u00e4ter, Mitwisser und Polizei. Spannend erz\u00e4hlt, mit \u00fcberraschenden Wendungen.<\/p>\n<ul>\n<li>\n<h6>Kriminalroman<\/h6>\n<\/li>\n<li>\n<h6><b>Taschenbuch:<\/b> 160 Seiten<\/h6>\n<\/li>\n<li>\n<h6><b>Verlag:<\/b> Edition M\u00e4rkische LebensArt; Auflage: 1 (17. M\u00e4rz 2017)<\/h6>\n<\/li>\n<li>\n<h6><b>Sprache:<\/b> Deutsch<\/h6>\n<\/li>\n<li>\n<h6><b>ISBN-10:<\/b> 3943614131<\/h6>\n<\/li>\n<li>\n<h6><b>ISBN-13:<\/b> 978-3943614138<\/h6>\n<\/li>\n<\/ul>\n<p>Bestellung hier unter &#8222;Kontakt&#8220; oder &#8222;Kommentar&#8220;<\/p>\n<h6><\/h6>\n<h6><strong>Kriminalnovellen:<\/strong><\/h6>\n<h6><img loading=\"lazy\" decoding=\"async\" class=\"alignnone size-medium wp-image-85\" src=\"http:\/\/gedruckteworte.de\/wp-content\/uploads\/2017\/06\/buch_prtogiesische_1-213x300.jpg\" alt=\"\" width=\"213\" height=\"300\" srcset=\"http:\/\/gedruckteworte.de\/wp-content\/uploads\/2017\/06\/buch_prtogiesische_1-213x300.jpg 213w, http:\/\/gedruckteworte.de\/wp-content\/uploads\/2017\/06\/buch_prtogiesische_1-768x1083.jpg 768w, http:\/\/gedruckteworte.de\/wp-content\/uploads\/2017\/06\/buch_prtogiesische_1-726x1024.jpg 726w, http:\/\/gedruckteworte.de\/wp-content\/uploads\/2017\/06\/buch_prtogiesische_1.jpg 926w\" sizes=\"(max-width: 213px) 100vw, 213px\" \/><\/h6>\n<p>Vier Geschichten von gew\u00f6hnlichen Leuten aus dem Heute von Nebenan. Keine Helden. Sie leben neben Dir und Du bemerkst sie gar nicht, bemerkst auch nicht was mit ihnen geschieht. Und doch passiert ihnen Ungew\u00f6hnliches, so wie es auch Dir passieren kann. Aber immer gibt es ein Happy End, so oder so. Einer glaubt das Gl\u00fcck gefunden zu haben. Er beginnt es zu verteidigen. Aber, es stellt sich als Trugbild heraus. Das Ende des Pfadens, an dem das Gl\u00fcck h\u00e4ngt, hatte er vor langer Zeit losgelassen, aber jetzt f\u00e4ngt er es wieder ein. Er muss es nur noch zu sich heranziehen. Ein Mann lebt in den Tag. Er ist der, f\u00fcr den man ihn h\u00e4lt und doch ist er es nicht. Die Erf\u00fcllung eines Traumes dr\u00e4ngt sich auf und er l\u00e4sst es geschehen. Ein Mann hat sein Leben beendet. Er hat es neu begonnen und kommt doch \u00fcber den Anfang nicht hinaus. Erst als er Gelegenheit erh\u00e4lt, die Vergangenheit zu \u00e4ndern, kann er auch sein Tor in das neue Leben aufsto\u00dfen. Einer tr\u00e4gt eine Schuld. Auch ohne den Tod ist sie da. Er tr\u00e4gt sie mit sich herum. Der Tod verpflichtet ihn, diese abzutragen. Erst dann findet er zur\u00fcck in die richtige Welt.<\/p>\n<ul>\n<li>\n<h6>Kriminalnovellen<\/h6>\n<\/li>\n<li>\n<h6><b>Taschenbuch:<\/b> 210 Seiten<\/h6>\n<\/li>\n<li>\n<h6><b>Verlag:<\/b> edition winterwork; Auflage: 1 (28. Februar 2012)<\/h6>\n<\/li>\n<li>\n<h6><b>Sprache:<\/b> Deutsch<\/h6>\n<\/li>\n<li>\n<h6><b>ISBN-10:<\/b> 3864681227<\/h6>\n<\/li>\n<li>\n<h6><b>ISBN-13:<\/b> 978-3864681226<\/h6>\n<\/li>\n<\/ul>\n<h6><\/h6>\n<h6><strong>H\u00f6rspiel: Polterabend<\/strong><\/h6>\n<h6>Rundfunk der DDR 1985<\/h6>\n<h6>hier anzuh\u00f6ren:\u00a0 <a href=\"http:\/\/hoerspiele.dra.de\/vollinfo.php?tipp=1&amp;dukey=1508545\">Rundfunkarchiv<\/a><\/h6>\n","protected":false},"excerpt":{"rendered":"<p>Kasimir und der B\u00e4r Erster Band einer Triologie \u00fcber Albrecht, genannt &#8222;DerB\u00e4r&#8220;, dem die Gr\u00fcndung\u00a0 der Mark Brandenburg zugeschrieben wird. Historischer Roman Gebunden (Hard cover): ca. 335 Seiten Verlag\/Druck: Selbstverlag, BoD, DreiRaben-Fl\u00e4ming-Edition Sprache: Deutsch ISBN 978-3-7347-0843-5 \u20ac 26,00 (event. + Versand) Auch als E-Book erh\u00e4ltlich (9,99 \u20ac) ORBITER Ein schmales B\u00e4ndchen mit SF &#8211; Geschichten. [&hellip;]<\/p>\n","protected":false},"author":1,"featured_media":0,"parent":0,"menu_order":0,"comment_status":"open","ping_status":"closed","template":"","meta":{"footnotes":""},"_links":{"self":[{"href":"http:\/\/gedruckteworte.de\/index.php?rest_route=\/wp\/v2\/pages\/82"}],"collection":[{"href":"http:\/\/gedruckteworte.de\/index.php?rest_route=\/wp\/v2\/pages"}],"about":[{"href":"http:\/\/gedruckteworte.de\/index.php?rest_route=\/wp\/v2\/types\/page"}],"author":[{"embeddable":true,"href":"http:\/\/gedruckteworte.de\/index.php?rest_route=\/wp\/v2\/users\/1"}],"replies":[{"embeddable":true,"href":"http:\/\/gedruckteworte.de\/index.php?rest_route=%2Fwp%2Fv2%2Fcomments&post=82"}],"version-history":[{"count":21,"href":"http:\/\/gedruckteworte.de\/index.php?rest_route=\/wp\/v2\/pages\/82\/revisions"}],"predecessor-version":[{"id":318,"href":"http:\/\/gedruckteworte.de\/index.php?rest_route=\/wp\/v2\/pages\/82\/revisions\/318"}],"wp:attachment":[{"href":"http:\/\/gedruckteworte.de\/index.php?rest_route=%2Fwp%2Fv2%2Fmedia&parent=82"}],"curies":[{"name":"wp","href":"https:\/\/api.w.org\/{rel}","templated":true}]}}

Veröffentlichungen

<p><strong>Kasimir und der Bär</strong></p>
<p><img loading="lazy" decoding="async" class="alignnone size-medium wp-image-315" src="http://gedruckteworte.de/wp-content/uploads/2023/08/titel_albrecht-213x300.png" alt="" width="213" height="300" srcset="http://gedruckteworte.de/wp-content/uploads/2023/08/titel_albrecht-213x300.png 213w, http://gedruckteworte.de/wp-content/uploads/2023/08/titel_albrecht.png 421w" sizes="(max-width: 213px) 100vw, 213px" /></p>
<p>Erster Band einer Triologie über Albrecht, genannt &#8222;DerBär&#8220;, dem die Gründung  der Mark Brandenburg zugeschrieben wird.</p>
<ul>
<li>Historischer Roman</li>
<li>Gebunden (Hard cover): ca. 335 Seiten</li>
<li>Verlag/Druck: Selbstverlag, BoD, DreiRaben-Fläming-Edition</li>
<li>Sprache: Deutsch</li>
<li>ISBN 978-3-7347-0843-5</li>
<li>€ 26,00 (event. + Versand)</li>
<li>Auch als E-Book erhältlich (9,99 €)</li>
</ul>
<p><strong>ORBITER</strong> Ein schmales Bändchen mit SF &#8211; Geschichten.</p>
<p style="text-align: left;">Eine Auseinandersetzung mit menschenunüblichen Mustern beim<br />
Ausflug auf einem fremden Planeten, Aussichten in die Medizin, die Übermacht der Technik, wenn wir sie lassen, die düstere Zukunft des Krieges, der Mensch mit Wunsch und Glauben, die mystische Begegnung mit der Außerirdischen Zivilisation. Alles mit ein wenig Ironie gewürzt.</p>
<div id="attachment_286" style="width: 213px" class="wp-caption alignnone"><img loading="lazy" decoding="async" aria-describedby="caption-attachment-286" class="size-medium wp-image-286" src="http://gedruckteworte.de/wp-content/uploads/2017/06/Orgiter_cover-203x300.jpg" alt="orbiter" width="203" height="300" srcset="http://gedruckteworte.de/wp-content/uploads/2017/06/Orgiter_cover-203x300.jpg 203w, http://gedruckteworte.de/wp-content/uploads/2017/06/Orgiter_cover-768x1136.jpg 768w, http://gedruckteworte.de/wp-content/uploads/2017/06/Orgiter_cover-693x1024.jpg 693w, http://gedruckteworte.de/wp-content/uploads/2017/06/Orgiter_cover-676x1000.jpg 676w, http://gedruckteworte.de/wp-content/uploads/2017/06/Orgiter_cover.jpg 1289w" sizes="(max-width: 203px) 100vw, 203px" /><p id="caption-attachment-286" class="wp-caption-text"><strong>ORBITER</strong></p></div>
<ul>
<li>Kurzgeschichten der Wissenschaftlichen Phantastik</li>
<li>Pappeinband (Soft cover): ca. 135 Seiten</li>
<li>Verlag: KUNSTUNDWERK &#8211; Sachbuchverlag Leipzig (2022)</li>
<li>Sprache: Deutsch</li>
<li>ISBN 978-3-947565-04-7</li>
<li>€ 14,90 + Versand</li>
<li>Auch als Hardcover erhältlich</li>
</ul>
<h6><strong>Der zweite Fall des Kommissar Hensel:</strong></h6>
<h6><img loading="lazy" decoding="async" class="alignnone wp-image-270" src="http://gedruckteworte.de/wp-content/uploads/2017/06/HenselBildFuerWWW_003-251x300.jpg" alt="" width="204" height="244" srcset="http://gedruckteworte.de/wp-content/uploads/2017/06/HenselBildFuerWWW_003-251x300.jpg 251w, http://gedruckteworte.de/wp-content/uploads/2017/06/HenselBildFuerWWW_003.jpg 646w" sizes="(max-width: 204px) 100vw, 204px" /></h6>
<p>Kriminalkommissar Georg Hänsel ist in seine Heimat, in die Uckermark, zurückgekehrt. Er macht seine Arbeit wie zuvor in Bayern. Ein Erhängter wird gefunden. Der Mann ist kein Bewohner des Dorfes. Hänsel hat Zweifel an einem Selbstmord. Die Zurückhaltung der Dorfbewohner gleicht einer Verschwörung. Nach und nach deckt Hänsel die Verstrickungen und Geheimnisse auf. Das Handeln und die Motivation dazu, sie alle haben mit der Zeit und mit dem Ort zu tun, mit der Heimat Hänsels, mit der brandenburgischen Uckermark. Viel hat sich verändert, seitdem Hänsel hier wegging</p>
<p>Die zweite Begegnung mit Kommissar Hänsel ist nicht weniger verwirrend geheimnisvoll als der erste Fall, bei dem wir ihn begleitet haben.</p>
<ul>
<li>
<h6>Kriminalroman</h6>
</li>
<li>
<h6><b>Taschenbuch:</b> ca. 200 Seiten</h6>
</li>
<li>
<h6><b>Verlag:</b> edition winterwork (2020)</h6>
</li>
<li>
<h6><b>Sprache:</b> Deutsch</h6>
</li>
<li>
<h6><b>ISBN</b> 978-3-96014-675-9</h6>
</li>
<li>
<h6>€ 14,90 + Versand</h6>
</li>
</ul>
<p>Bestellung hier unter &#8222;Kontakt&#8220; oder &#8222;Kommentar&#8220;</p>
<h6><strong>Kommissar Hensels erster veröffentlichter Fall:</strong></h6>
<h6><img loading="lazy" decoding="async" class="alignnone size-medium wp-image-84" src="http://gedruckteworte.de/wp-content/uploads/2017/06/TodImRosenhaus_Umschlag_1-196x300.png" alt="" width="196" height="300" srcset="http://gedruckteworte.de/wp-content/uploads/2017/06/TodImRosenhaus_Umschlag_1-196x300.png 196w, http://gedruckteworte.de/wp-content/uploads/2017/06/TodImRosenhaus_Umschlag_1.png 444w" sizes="(max-width: 196px) 100vw, 196px" /></h6>
<p>Wie die Rosen an der Fassade des Hauses am Berg ranken sich tödliche Geheimnisse über die Treppe durch das Innere. Schatten der Vergangenheit. Zwei Tote. Einer davon verschwindet. Was wird hier gespielt?<br />
Im Zuge der Ermittlungen begegnen sich zwei Preußen in der bayrischen Stadt. Ein Pendler aus dem Brandenburgischen, der in der Heimat keine Arbeit fand. Der aus dem gleichen Landstrich zugereiste Kommissar sucht den Mörder. Er ermittelt akribisch, stößt dabei auf rätselhafte Querverbindungen und vertuschte kriminelle Machenschaften, Erpressung und Freiheitsberaubung. Mit Rückendeckung seines Vorgesetzten darf der Kommissar ein Exempel statuieren, ohne Rücksicht auf Spezis und Filz.<br />
Ein skurriles Katz- und Maus-Spiel zwischen Opfer und Täter, Mitwisser und Polizei. Spannend erzählt, mit überraschenden Wendungen.</p>
<ul>
<li>
<h6>Kriminalroman</h6>
</li>
<li>
<h6><b>Taschenbuch:</b> 160 Seiten</h6>
</li>
<li>
<h6><b>Verlag:</b> Edition Märkische LebensArt; Auflage: 1 (17. März 2017)</h6>
</li>
<li>
<h6><b>Sprache:</b> Deutsch</h6>
</li>
<li>
<h6><b>ISBN-10:</b> 3943614131</h6>
</li>
<li>
<h6><b>ISBN-13:</b> 978-3943614138</h6>
</li>
</ul>
<p>Bestellung hier unter &#8222;Kontakt&#8220; oder &#8222;Kommentar&#8220;</p>
<h6></h6>
<h6><strong>Kriminalnovellen:</strong></h6>
<h6><img loading="lazy" decoding="async" class="alignnone size-medium wp-image-85" src="http://gedruckteworte.de/wp-content/uploads/2017/06/buch_prtogiesische_1-213x300.jpg" alt="" width="213" height="300" srcset="http://gedruckteworte.de/wp-content/uploads/2017/06/buch_prtogiesische_1-213x300.jpg 213w, http://gedruckteworte.de/wp-content/uploads/2017/06/buch_prtogiesische_1-768x1083.jpg 768w, http://gedruckteworte.de/wp-content/uploads/2017/06/buch_prtogiesische_1-726x1024.jpg 726w, http://gedruckteworte.de/wp-content/uploads/2017/06/buch_prtogiesische_1.jpg 926w" sizes="(max-width: 213px) 100vw, 213px" /></h6>
<p>Vier Geschichten von gewöhnlichen Leuten aus dem Heute von Nebenan. Keine Helden. Sie leben neben Dir und Du bemerkst sie gar nicht, bemerkst auch nicht was mit ihnen geschieht. Und doch passiert ihnen Ungewöhnliches, so wie es auch Dir passieren kann. Aber immer gibt es ein Happy End, so oder so. Einer glaubt das Glück gefunden zu haben. Er beginnt es zu verteidigen. Aber, es stellt sich als Trugbild heraus. Das Ende des Pfadens, an dem das Glück hängt, hatte er vor langer Zeit losgelassen, aber jetzt fängt er es wieder ein. Er muss es nur noch zu sich heranziehen. Ein Mann lebt in den Tag. Er ist der, für den man ihn hält und doch ist er es nicht. Die Erfüllung eines Traumes drängt sich auf und er lässt es geschehen. Ein Mann hat sein Leben beendet. Er hat es neu begonnen und kommt doch über den Anfang nicht hinaus. Erst als er Gelegenheit erhält, die Vergangenheit zu ändern, kann er auch sein Tor in das neue Leben aufstoßen. Einer trägt eine Schuld. Auch ohne den Tod ist sie da. Er trägt sie mit sich herum. Der Tod verpflichtet ihn, diese abzutragen. Erst dann findet er zurück in die richtige Welt.</p>
<ul>
<li>
<h6>Kriminalnovellen</h6>
</li>
<li>
<h6><b>Taschenbuch:</b> 210 Seiten</h6>
</li>
<li>
<h6><b>Verlag:</b> edition winterwork; Auflage: 1 (28. Februar 2012)</h6>
</li>
<li>
<h6><b>Sprache:</b> Deutsch</h6>
</li>
<li>
<h6><b>ISBN-10:</b> 3864681227</h6>
</li>
<li>
<h6><b>ISBN-13:</b> 978-3864681226</h6>
</li>
</ul>
<h6></h6>
<h6><strong>Hörspiel: Polterabend</strong></h6>
<h6>Rundfunk der DDR 1985</h6>
<h6>hier anzuhören:  <a href="http://hoerspiele.dra.de/vollinfo.php?tipp=1&amp;dukey=1508545">Rundfunkarchiv</a></h6>

<p>Kasimir und der Bär Erster Band einer Triologie über Albrecht, genannt &#8222;DerBär&#8220;, dem die Gründung  der Mark Brandenburg zugeschrieben wird. Historischer Roman Gebunden (Hard cover): ca. 335 Seiten Verlag/Druck: Selbstverlag, BoD, DreiRaben-Fläming-Edition Sprache: Deutsch ISBN 978-3-7347-0843-5 € 26,00 (event. + Versand) Auch als E-Book erhältlich (9,99 €) ORBITER Ein schmales Bändchen mit SF &#8211; Geschichten. [&hellip;]</p>
